 p. Suppose -p + 6 = 3*o. What is the units digit of o?
1
Let u = 31 + -15. Let b = -14 + u. What is the units digit of b?
2
Suppose 3*j = 2*w + 131, -5*j + 39 = -w - 177. Let i = j + -24. What is the units digit of i?
9
Let y(p) = -p**2 - 12*p - 5. Let i be y(-11). Let t be (-3)/(i/2)*-17. Suppose -t = -2*f + f - 2*u, -4*u - 2 = -2*f. What is the units digit of f?
9
Let p be -2 + (1 - 2)*1. Suppose -5*b = -6 + 1. What is the units digit of p + b + 15/3?
3
Let i(r) = 42*r**2 + 11*r + 23. What is the units digit of i(-3)?
8
Let m = 57 - 35. What is the units digit of m?
2
Let l(c) = -c + 18. Let p be l(13). What is the units digit of p + (0 - -1) + -1?
5
Let y(k) = -9*k - 2 + k**3 + 7*k**2 - 3 - 1. Let b be y(-8). Let f = b + 3. What is the units digit of f?
5
Suppose -3*t - 164 = t. Let y = t - -58. What is the tens digit of y?
1
Let r be (-6)/8*(-1 + -3). Let y(k) = -k - r*k + 2*k. What is the units digit of y(-1)?
2
Suppose -5*g = -5*s - 125, 6*s - 2*s = -4*g + 76. What is the units digit of g?
2
Suppose 2*f + 2 = 20. What is the tens digit of (f - 1)*(-18)/(-8)?
1
Let n(t) = -2*t - 1. Let v(s) = 1. Let l(k) = n(k) - 2*v(k). What is the units digit of l(-3)?
3
Let b = 6 + -4. Suppose -130 = -4*r - 2*g, -3*r + 50 = -b*r - 3*g. Suppose -r = -6*k + k. What is the units digit of k?
7
Let n(u) = -23*u**3 + 2*u**2 - u. Let x be n(1). What is the units digit of x/(-5) - (-12)/(-30)?
4
Let m = 46 - 31. Let f = 47 - m. What is the tens digit of f?
3
Suppose 2*w + 0*q - 44 = q, -3*q = w - 22. What is the units digit of w?
2
Let p(t) = t - 21. Let h be p(0). Let q = 34 + h. Suppose -4*w + 4 = 4*r, 0*w = 4*r + w - q. What is the units digit of r?
4
Suppose 0*z = -5*z + 90. Let a = -12 + z. What is the units digit of 14/a + 4/6?
3
Let k = 10 - -42. What is the tens digit of k?
5
Let l(p) = -p**3 + 4*p**2 + 7*p - 7. What is the units digit of l(4)?
1
Suppose 5*o - 205 = 5*w, o - 2*o + 5*w = -25. What is the units digit of o?
5
Let c = 20 - -14. What is the tens digit of c?
3
Let v(m) = -84*m + 6. Let y be v(-3). What is the units digit of y/10 + (-3)/(-15)?
6
Suppose -5*o = -4*y - 0*y + 37, 0 = -4*y - o + 7. Let h = -18 - y. Let l = h - -30. What is the units digit of l?
9
Let l(n) = -4 + 3*n**3 + 6*n + 8*n**2 - 4 - 2*n**3 - n**2. Let r be l(-6). What is the units digit of (-4 + r)/(-1*1)?
2
Suppose 13 + 17 = -5*p. Let z(w) = -3*w**3 + 2*w**2 - 5*w + 8. Let d(g) = g**3 + g**2 + g - 1. Let o(r) = 4*d(r) + z(r). What is the units digit of o(p)?
0
Suppose 5*d = 4*i - 10 - 13, -4*i - 19 = d. Let u = 10 + d. Let g = u - 2. What is the units digit of g?
1
Suppose -52 = -3*c - c. What is the units digit of c?
3
Suppose 7*i - 780 = -13*i. What is the tens digit of i?
3
Let t = 8 - 8. Suppose -2*j + 3*j + c - 29 = t, 4*j - 92 = 2*c. What is the units digit of j?
5
Suppose 0 = -0*p - p. What is the units digit of (1 - p - 2) + 12?
1
Let c(x) = -2*x**3 + 3*x - 2*x - 2 + 7*x**2 + 0*x + 3*x**3. What is the units digit of c(-6)?
8
Suppose 0 = -4*f + 5*j + 125, 3*f - 85 = -0*f - 5*j. What is the units digit of f?
0
Suppose -2*j + 7*j = 2*d, 3*j + 4 = 2*d. Suppose j*g + 2*s = -0*g + 2, -4*s = 0. What is the units digit of 6/15*20*g?
8
Suppose -2*s = 10 + 42. Let z be s/(-7) + 10/35. Suppose -2*j + 3 = -w, 2*j - 13 + z = -5*w. What is the units digit of j?
2
Suppose -5*s - 5*q - 50 = 0, 25 - 3 = -3*s - q. What is the units digit of 26 - ((2 - -1) + s)?
9
Let j(z) = 15*z**3 - z**2 + 1. Suppose 2*b = 7*b - 5. Let n be j(b). Let o = -8 + n. What is the units digit of o?
7
Let n(i) = 6*i + 5. Let k(c) = -13*c - 10. Let q(b) = -3*k(b) - 7*n(b). What is the units digit of q(-4)?
7
Let z(m) = -m**3 + 8*m**2 - 6*m - 4. Let b = 23 + -16. Let h be z(b). Suppose -63 = -h*j - 3*o, j = -j - 3*o + 44. What is the units digit of j?
9
What is the units digit of 16/2*(-51)/(-136) + 95?
8
Let i(q) = 2*q**2 - 17*q - 21. What is the units digit of i(14)?
3
Suppose -5*f + 23 = 3*v, 2*f = 4*f - 2*v - 6. Suppose -f*p + 10*r - 5*r - 73 = 0, 2*p + 5*r - 1 = 0. Let n = 17 + p. What is the units digit of n?
5
What is the tens digit of (-363)/11*1/(-3)?
1
Suppose -2*w - 3*m = -0*w + 64, -3*w - 91 = 2*m. Let o = 69 + w. What is the units digit of o?
0
Let q = -71 + 105. Let k = q + -3. What is the tens digit of k?
3
Suppose -2 = b - 3. Let t be (2/(-3))/(b/(-6)). Let j = 8 - t. What is the units digit of j?
4
Let j = 71 - 63. What is the units digit of j?
8
Suppose 332 = 5*y + 7. Let n = 22 + -18. Suppose n*b = -3*r + 56, 0 = 5*r - b + 2*b - y. What is the units digit of r?
2
Let g(y) = y**2 - 2*y + 10. Let w be g(0). Suppose -5*r - v - 3*v = -35, 0 = 2*v - w. What is the units digit of r?
3
What is the tens digit of (6/(-8))/((-5)/320)?
4
What is the units digit of (-4)/1 + (40 - 13)?
3
Suppose 2*b - 8*b + 582 = 0. What is the tens digit of b?
9
Let i(b) = b**2 - 4*b + 6. What is the units digit of i(-6)?
6
What is the hundreds digit of (58/4 - -4)/((-3)/(-30))?
1
Suppose -r + 21 - 101 = 2*p, 0 = 3*r - p + 240. Let b = 119 + r. Suppose 5*u - 4*z - 19 = 0, z - b = -u - 4*u. What is the units digit of u?
7
Suppose 4*r = 15 - 3. Suppose -r*d - d = 20, -4*d = t + 18. What is the units digit of t?
2
Suppose -8*w = -5*w - 174. What is the tens digit of w?
5
Suppose 2*g - 41 = -l, 4*g - 1 = -l + 50. What is the tens digit of l?
3
Suppose -5*n + 25 = 0, 2*i - 159 = -n + 22. What is the units digit of i?
8
Let l be (6*2/4)/(-1). Let p be 40 + -6 - (l - -1). Suppose 5*v - 19 = p. What is the units digit of v?
1
Suppose 2*n = y + 1, 2*n + 2*y - 25 = -9. Suppose 4*j = g + g - 24, -n*g - 5*j - 8 = 0. Suppose -8 = -5*h - l, h - 2*l + g = -h. What is the units digit of h?
1
Let g(y) = 2*y**2 - 3*y - 7. What is the units digit of g(5)?
8
Let q(c) = 6*c**2 + c. Let g be q(-1). Suppose 2*y = 2*i - g*i - 54, 3*i - 2*y = -42. What is the units digit of (-1)/(-2*(-2)/i)?
4
Let b = -52 - -76. What is the tens digit of b?
2
Suppose -20*w + 34 = -18*w. What is the tens digit of w?
1
Let b(q) be the second derivative of -q**3/6 + 3*q**2/2 + 2*q. Let d be b(-9). Suppose 0 = -4*l + 80 - d. What is the tens digit of l?
1
Suppose 0 = -3*b + 241 - 4. What is the units digit of b?
9
Let o be (-35)/4 - 9/36. Let q be o/(-4) + (-1)/4. Suppose c - 7 = b, -14 = -q*c + b - 2*b. What is the units digit of c?
7
Suppose -4*h - v + 18 = v, h + 8 = -3*v. What is the units digit of h?
7
What is the units digit of 6*(-3)/(-6)*63?
9
Let h = 12 + 3. Let p = h - 10. What is the units digit of p?
5
Suppose 0*n = n - 11. Suppose 5*k - 5*z - 29 = n, 56 = 4*k + 2*z. What is the units digit of k?
2
Let o = -85 + 159. Suppose -a + 40 = 5*c - 36, -5*c + a + o = 0. What is the tens digit of c?
1
Suppose -5*j + 8 = -4*j. Suppose -j + 0 = -2*b. What is the units digit of b?
4
Let n = -74 - -141. Suppose -7 = z - n. What is the units digit of z?
0
Let b be (-3)/(-9) + 4/6. Suppose b = o + 16. What is the units digit of (-1 - 9/o)*-5?
2
Let i(f) = f**3 - f**2 + 3*f - 3. What is the units digit of i(2)?
7
Suppose -4*d - 2*w + 23 = -5*w, -4*d - 4*w = 12. Suppose 0 = d*r - 1 - 7. What is the units digit of r?
4
Let z = -46 - -28. What is the units digit of (-374)/z - 8/(-36)?
1
Let s = 195 - 125. What is the tens digit of s?
7
Suppose 8 = -3*b + 17. Suppose -h + 5*u = -16, b*h - 53 = -2*h - 2*u. What is the units digit of h?
1
Let w be (-33)/44 + (-115)/(-4). Let l = -15 + w. What is the tens digit of l?
1
Let b = -130 + 149. What is the tens digit of b?
1
Let i(l) = 7*l**3 - 5*l**2 + l - 1. Let r(x) = x**2 - x. Let k(q) = -i(q) - 3*r(q). Let o be k(-1). Let f(s) = s - 2. What is the units digit of f(o)?
6
Let z(j) = j**3 + 10*j**2 + 1. Let l be z(-10). What is the tens digit of 1*(-1 + l + 19)?
1
Let y be (26/8)/(3/12). Suppose -3*k + 3*l = -57, 0 = -3*k + 2*l - 0*l + 56. Let c = k - y. What is the units digit of c?
5
Suppose 5*w = -5*o, -1 = 5*o - 2*w - 29. Let u = 39 + -24. Suppose o*v - 4*d - u = 13, -v = -5*d - 23. What is the units digit of v?
3
Suppose -5*s + 3*k = -168, 0 = s - 2*k + 1 - 29. What is the tens digit of s?
3
Let u be 100/5*(-2)/(-5). Suppose 5*c = c + u. Let x(f) = 2*f**3 - f - 2. What is the units digit of x(c)?
2
Suppose 2*m = -5*b + 94 + 32, -b = 4*m - 18. What is the tens digit of b?
2
Let c = 0 + 0. Let j(p) = p + 7. What is th